ands digit of 768064?
7
What is the units digit of 9227?
7
What is the tens digit of 130435?
3
What is the hundreds digit of 3683218?
2
What is the tens digit of 381659?
5
What is the hundred thousands digit of 10328294?
3
What is the hundreds digit of 300192?
1
What is the millions digit of 7963900?
7
What is the hundreds digit of 40901?
9
What is the hundred thousands digit of 880313?
8
What is the tens digit of 24596800?
0
What is the tens digit of 183789?
8
What is the thousands digit of 197694?
7
What is the hundreds digit of 723941?
9
What is the ten thousands digit of 1152297?
5
What is the units digit of 1460283?
3
What is the hundreds digit of 1632292?
2
What is the thousands digit of 7744420?
4
What is the hundreds digit of 2949013?
0
What is the hundred thousands digit of 287791?
2
What is the units digit of 331176?
6
What is the thousands digit of 147926?
7
What is the units digit of 718689?
9
What is the hundreds digit of 416913?
9
What is the thousands digit of 1235081?
5
What is the ten thousands digit of 798911?
9
What is the ten thousands digit of 2881657?
8
What is the units digit of 330991?
1
What is the units digit of 214985?
5
What is the ten thousands digit of 65154?
6
What is the thousands digit of 554253?
4
What is the thousands digit of 185578?
5
What is the thousands digit of 13373841?
3
What is the tens digit of 1724741?
4
What is the tens digit of 297292?
9
What is the ten thousands digit of 443327?
4
What is the hundreds digit of 7724980?
9
What is the hundreds digit of 12667?
6
What is the hundred thousands digit of 304777?
3
What is the hundreds digit of 364257?
2
What is the thousands digit of 13296164?
6
What is the hundreds digit of 405602?
6
What is the ten millions digit of 17881543?
1
What is the tens digit of 858481?
8
What is the hundred thousands digit of 10004593?
0
What is the hundreds digit of 15986937?
9
What is the hundred thousands digit of 13349504?
3
What is the units digit of 21697569?
9
What is the ten thousands digit of 2061044?
6
What is the hundred thousands digit of 219671?
2
What is the millions digit of 2729450?
2
What is the tens digit of 702004?
0
What is the hundred thousands digit of 15857915?
8
What is the hundreds digit of 20379307?
3
What is the tens digit of 65982?
8
What is the ten thousands digit of 620282?
2
What is the hundred thousands digit of 3054403?
0
What is the ten thousands digit of 133699?
3
What is the hundreds digit of 49479?
4
What is the ten thousands digit of 2746185?
4
What is the units digit of 201463?
3
What is the thousands digit of 7305995?
5
What is the thousands digit of 9282477?
2
What is the thousands digit of 96883?
6
What is the hundreds digit of 3072496?
4
What is the ten thousands digit of 816386?
1
What is the hundreds digit of 12075333?
3
What is the hundred thousands digit of 8323950?
3
What is the units digit of 16500744?
4
What is the hundred thousands digit of 2590714?
5
What is the hundreds digit of 2577983?
9
What is the thousands digit of 410343?
0
What is the hundreds digit of 27495283?
2
What is the hundred thousands digit of 101998?
1
What is the hundreds digit of 1325004?
0
What is the units digit of 3683687?
7
What is the hundreds digit of 530247?
2
What is the millions digit of 2236412?
2
What is the hundreds digit of 34434?
4
What is the hundred thousands digit of 1057996?
0
What is the units digit of 9526142?
2
What is the hundred thousands digit of 316035?
3
What is the thousands digit of 688131?
8
What is the hundred thousands digit of 4995520?
9
What is the hundreds digit of 487143?
1
What is the hundred thousands digit of 26691138?
6
What is the millions digit of 3166991?
3
What is the ten thousands digit of 662682?
6
What is the units digit of 172016?
6
What is the units digit of 3037978?
8
What is the hundreds digit of 94016?
0
What is the thousands digit of 269157?
9
What is the tens digit of 87516?
1
What is the hundreds digit of 489877?
8
What is the hundreds digit of 3279897?
8
What is the ten millions digit of 14802866?
1
What is the tens digit of 179937?
3
What is the units digit of 2687589?
9
What is the units digit of 160517?
7
What is the hundreds digit of 1610665?
6
What is the units digit of 6741169?
9
What is the units digit of 98258?
8
What is the units digit of 156609?
9
What is the thousands digit of 123969?
3
What is the hundred thousands digit of 551882?
5
What is the tens digit of 22751534?
3
What is the hundreds digit of 8168728?
7
What is the ten thousands digit of 4416747?
1
What is the ten thousands digit of 680152?
8
What is the hundreds digit of 90366?
3
What is the tens digit of 1335917?
1
What is the units digit of 1228938?
8
What is the thousands digit of 29629813?
9
What is the tens digit of 5971771?
7
What is the thousands digit of 66724?
6
What is the ten thousands digit of 1140090?
4
What is the hundreds digit of 22865730?
7
What is the hundred thousands digit of 524652?
5
What is the ten thousands digit of 599473?
9
What is the ten thousands digit of 405252?
0
What is the units digit of 12396360?
0
What is the millions digit of 1744741?
1
What is the thousands digit of 291299?
1
What is the tens digit of 3962810?
1
What is the ten millions digit of 15778834?
1
What is the tens digit of 1138910?
1
What is the ten thousands digit of 459520?
5
What is the ten thousands digit of 15939673?
3
What is the units digit of 660245?
5
What is the hundred thousands digit of 8487072?
4
What is the ten thousands digit of 16685028?
8
What is the hundreds digit of 191409?
4
What is the hundred thousands digit of 2556773?
5
What is the millions digit of 3001686?
3
What is the hundreds digit of 416385?
3
What is the hundred thousands digit of 1031260?
0
What is the ten thousands digit of 7273260?
7
What is the tens digit of 10369572?
7
What is the ten thousands digit of 7798147?
9
What is the hundred thousands digit of 2273013?
2
What is the thousands digit of 1360975?
0
What is the tens digit of 731041?
4
What is the thousands digit of 644897?
4
What is the thousands digit of 288801?
8
What is the tens digit of 1070170?
7
What is the ten thousands digit of 31704?
3
What is the hundred thousands digit of 171217?
1
What is the hundred thousands digit of 224242?
2
What is the ten thousands digit of 1253570?
5
What is the ten thousands digit of 10321815?
2
What is the units digit of 507642?
2
What is the units digit of 489681?
1
What is the hundred thousands digit of 135480?
1
What is the tens digit of 4310944?
4
What is the thousands digit of 8725153?
5
What is the tens digit of 2595540?
4
What is the hundreds digit of 11691245?
2
What is the hundreds digit of 102166?
1
What is the thousands digit of 14955478?
5
What is the thousands digit of 486683?
6
What is the ten thousands digit of 1087484?
8
What is the hundreds digit of 11004226?
2
What is the units digit of 7587632?
2
What is the ten thousands digit of 1616708?
1
What is the tens digit of 4318272?
7
What is the hundreds digit of 22504894?
8
What is the hundreds digit of 343622?
6
What is the hundreds digit of 915558?
5
What is the hundred thousands digit of 991482?
9
What is the hundreds digit of 190903?
9
What is the units digit of 423377?
7
What is the tens digit of 91851?
5
What is the ten millions digit of 16944810?
1
What is the units digit of 5298?
8
What is the ten thousands digit of 25592134?
9
What is the thousands digit of 161129?
1
What is the hundred thousands digit of 335874?
3
What is the ten thousands digit of 1104302?
0
What is the tens digit of 935584?
8
What is the ten thousands digit of 640186?
4
What is the ten thousands digit of 18665?
1
What is the ten thousands digit of 72805?
7
What is the units digit of 4559837?
7
What is the units digit of 117100?
0
What is the units digit of 4720499?
9
What is the tens digit of 8484442?
4
What is the hundreds digit of 13952?
9
What is the millions digit of 1541608?
1
What is the hundreds digit of 1433770?
7
What is the hundred thousands digit of 1261464?
2
What is the hundreds digit of 170178?
1
What is the millions digit of 3078444?
3
What is the hundreds digit of 723430?
4
What is the units digit of 272721?
1
What is the hundred thousands digit of 17426162?
4
What is the millions digit of 127